e highest common factor of 18 and d?
6
Suppose 6*n + 7249 - 18899 = 65570. What is the highest common factor of 360 and n?
90
Suppose -32*u + 105 = -33*u. Let g = u + 113. What is the greatest common factor of g and 128?
8
Suppose -11*h - 58710 = -30*h. Calculate the greatest common divisor of 1442 and h.
206
Suppose -v + 100 = -692*k + 694*k, -12 = -3*k. Calculate the greatest common factor of v and 596.
4
Let k be (13/(-4))/(508/(-4064)). Calculate the highest common factor of 44018 and k.
26
Suppose 3*n = -4*z - n + 4, 0 = -z + 5*n - 5. Suppose z = -12*l + 156. Calculate the highest common factor of 39 and l.
13
Let x = -12357 - -17115. What is the greatest common factor of 26 and x?
26
Let z = 47 + -49. Let p be 2 + -150 + z - 24/6. Let n be (-11)/(220/(-15)) - p/8. Calculate the greatest common factor of 50 and n.
10
Let r = 3935 + -3277. What is the greatest common factor of r and 2?
2
Suppose -2*c + 194 + 51 = -5*o, o - 479 = -4*c. Calculate the highest common divisor of 9528 and c.
24
Let m be -7 + 102/4*(-32)/(-48). Calculate the highest common factor of 400 and m.
10
Let z = 134 - -46. Suppose -t - 3*q + 52 = 16, 5*t = -q + z. Calculate the highest common divisor of 8 and t.
4
Let i(y) = -y**3 - 5*y**2 + 2*y + 9. Let c be i(-6). Let r = -1433 + 1433. Suppose -294*b + 287*b + 539 = r. Calculate the greatest common divisor of b and c.
11
Suppose 20*v = 883 - 463. Calculate the greatest common factor of 1316 and v.
7
Suppose 0 = 674*p - 665*p - 17712. What is the highest common factor of p and 444?
12
Suppose -9*f - 7*f + 32 = 0. Suppose f*y + 5*d = 65, -d - 37 - 166 = -5*y. What is the highest common factor of 50 and y?
10
Suppose 0 = 35*b - 102 - 108. Suppose 2*k + 5*t + 77 = 0, 4*k + 94 = 5*t + 15. Let y be (-152)/(-26) + (-4)/k. Calculate the greatest common divisor of b and y.
6
Let o(f) = 4*f**2 + f - 1. Let d be o(1). Suppose 2*x - x + d*p = 2, 16 = 2*x - 4*p. Let z be 6 - 1/((x/8)/(-3)). What is the highest common divisor of 4 and z?
2
Suppose 17*k - 4*h = 20*k + 55, 2*h - 67 = 3*k. Let j be -3*k*(-4)/(-12). Calculate the greatest common factor of 483 and j.
21
Let k be ((-84)/(-2))/2 - (773 - 772). What is the highest common factor of 590 and k?
10
Suppose 8*f - 12*f = 904. Let j = -166 - f. Calculate the highest common factor of 48 and j.
12
Let n be (-3 + 10/8)/((-2)/16). What is the greatest common factor of n and 826?
14
Suppose -26*c - 103904 = -11*c - 83*c. Calculate the highest common divisor of 8 and c.
8
Let c(n) = -8*n**2 - 41*n - 8. Let t be c(2). Let s be 3*(-5)/(-2)*-8. Let b = s - t. What is the highest common divisor of 31 and b?
31
Let s = -14518 - -20712. What is the greatest common factor of 38 and s?
38
Suppose 20 = 5*y - 5. Suppose y*t = 57 + 163. What is the greatest common divisor of 4 and t?
4
Let k(o) = -22*o + 22. Let y be k(3). Let s = -42 - y. Suppose -s*a + 7*a = 520. Calculate the highest common factor of a and 8.
8
Suppose -70*q - 32360 = 185*q - 350090. What is the highest common divisor of q and 56?
14
Suppose 620 = 4*o + 7*j, -4*j = -5*o + 303 + 523. Calculate the highest common factor of o and 3186.
54
Suppose 16*r - 54 - 586 = 0. Suppose -380 = -45*v + r*v. Calculate the highest common factor of v and 38.
38
Let n be (6/(-4))/((-21)/1316). Suppose n*k - 92*k = 14. Suppose k*h = 8*h - 162. Calculate the highest common factor of 18 and h.
18
Let d(r) = r**2 + 19*r + 53. Let n be d(-3). Suppose 4*k = 2*z - 367 - 361, 3*z = n*k + 1090. What is the greatest common divisor of z and 40?
40
Suppose 409 + 1060 = 2*v - 3*c, 3*c = -4*v + 2875. What is the highest common divisor of v and 10317?
181
Let j = 1243 + -1162. What is the greatest common factor of 333 and j?
9
Suppose -4*z - 1012 = -8*z + 4*b, 241 = z - 5*b. Calculate the greatest common divisor of z and 160.
32
Let x be 4/26 + (4 - (-15)/(-13)). Let t be 92/x*399/76. Let g(z) = 3*z - 22. Let h be g(15). Calculate the highest common factor of h and t.
23
Let p = -105 + 112. Let l(v) = -v**3 + 4*v**2 - v - 3. Let b be l(2). Let k(u) = u**2 - 3*u + 1. Let q be k(b). Calculate the highest common factor of p and q.
1
Let t be ((-2453)/10)/(-1) - 456/1520. What is the highest common divisor of 5 and t?
5
Let i be (0 + 5 - -4) + -7. Let a be (-960)/432*(-9)/i. Calculate the greatest common factor of a and 20.
10
Let o be 84 - ((-30)/(-6) + 1). What is the highest common factor of 4082 and o?
26
Suppose -4*h - 11*v + 10*v + 250 = 0, -5*h + 4*v = -323. Suppose h*i + 1900 = 82*i. What is the greatest common divisor of i and 25?
25
Let c(t) = -t**2 + 5*t + 1. Let y be c(0). Suppose -5*h = -5*q + 60, 2*q - 37 = -3*h - 18. Calculate the greatest common divisor of y and q.
1
Suppose -71 = -3*x + 3*t + 169, -2*x = 5*t - 202. Calculate the greatest common factor of 3053 and x.
43
Let o = -11446 - -11905. What is the highest common divisor of 136 and o?
17
Suppose -284*f - 14133 = -131993. Calculate the greatest common factor of 20 and f.
5
Let l(s) be the second derivative of s**4/2 + 7*s**3/6 + 5*s**2/2 + 42*s. Let g be l(-2). Calculate the highest common divisor of g and 165.
15
Let p(q) = 8*q + 19. Let h be p(8). Let m be (12 + 0)/(h/(-10) - -8). Let d = 20 - m. Calculate the highest common factor of d and 12.
12
Suppose -15*i = 3*x - 17*i - 140, 88 = 2*x - 4*i. What is the greatest common divisor of x and 1104?
48
Let o(r) = 29*r - 60. Let l be o(12). Suppose 17*c - l = 8*c. Let s = 9 + 15. What is the greatest common factor of c and s?
8
Let o be (0 - -3)/(18/1422). Calculate the highest common divisor of 12 and o.
3
Let k = 27349 + -26992. Let h = -115 - -166. What is the highest common divisor of h and k?
51
Let k be (-8)/36 + (-948)/108. Let j(l) = -112*l - 296. Let v be j(k). Calculate the greatest common divisor of v and 8.
8
Let x = -12243 - -12359. Calculate the highest common factor of x and 9628.
116
Let b be (-3)/(-4)*1008/54. Calculate the highest common factor of b and 2086.
14
Let t = 1 - 3. Let a be (-4)/t + 30 + -2. Suppose 2258*x + 2266*x = 4411*x + 3390. Calculate the greatest common factor of x and a.
30
Suppose 3*z - 121 = 2*u, 3*z - 78 - 31 = -4*u. What is the highest common factor of z and 18?
3
Let k be 33/(8/((-48)/(-18))). Suppose -m - 1470 = -k*m. What is the greatest common factor of 21 and m?
21
Let j be (1 - -146) + ((-24)/42)/((-24)/(-84)). What is the greatest common divisor of j and 2407?
29
Let w be ((-27)/36)/((-3)/12). Suppose 2*g - 6 + 0 = -3*h, g = h + w. Let a(z) = 6*z - 3. Let d be a(4). What is the greatest common factor of g and d?
3
Suppose -5*y + 4*t = -6094 - 5939, -4*t - 9620 = -4*y. What is the highest common factor of 57 and y?
19
Suppose -j + h = -8, -j = -2*j + 4*h + 23. Suppose -3*c + j = -0*c. Let o be (2 - -3) + 71 + c + 0. What is the highest common divisor of 7 and o?
7
Let o = -29 + 34. Suppose -4*p + 220 = -2*w, 3*w + 0*w = o*p - 273. Let h = -49 + p. Calculate the greatest common factor of h and 8.
8
Let v(d) = 4*d - 18. Let k be v(7). Let l be 594/k - 39/(-65). Calculate the greatest common divisor of 20 and l.
20
Suppose 6 = -2*f + 34. Let p(d) = d**2 + d - 2. Let a be p(-2). Suppose -l + n + 75 = a, -l + 2*n + 37 = -43. Calculate the highest common divisor of l and f.
14
Let j(d) = 42*d - 7. Let k(b) = b. Let r(y) = -2*j(y) + 126*k(y). Let h be r(2). What is the greatest common factor of 56 and h?
14
Suppose -142603 = -140*r + 746017 - 153480. What is the greatest common factor of r and 59?
59
Let u be (32/10)/((-4)/(-90)). Suppose -5*x = -5*d + 95, -10*x - 41 = -2*d - 5*x. Calculate the highest common factor of d and u.
18
Let o = -1107 + 587. Let n = o + 631. Calculate the highest common divisor of n and 888.
111
Let g be (-1545)/(-4) - (-32)/(-128). Let o = g + -227. Calculate the highest common factor of 106 and o.
53
Let a be 25 + (-9)/(-11 + 20). Let b = 2 - -1. Suppose b*u = 2*u + 192. What is the greatest common divisor of a and u?
24
Let y(s) = s**2 - 52*s - 645. Let o be y(-32). Calculate the greatest common factor of 9 and o.
9
Suppose -27*z - 7 = -102 - 121. Calculate the highest common factor of 632 and z.
8
Let q(x) = -110*x - 547. Let h be q(-5). Calculate the greatest common factor of 19 and h.
1
Let k be ((-4)/(-6))/(8/132). Let f = 75 - -464. Calculate the greatest common fa